-33) - 8/44*1.
2, 5, 2129
What are the prime factors of (-4014)/(-270) - 15 - (-14222)/15?
2, 3, 79
Let j(m) = -39*m - 1 - 3 - 5. Suppose 3*i = -h + 13, 29 = -43*h + 41*h + 5*i. What are the prime factors of j(h)?
3, 23
Let g(f) = -2*f**3 - 6*f**2 + 2*f - 20. Suppose 9*l + 3 = -42. What are the prime factors of g(l)?
2, 5, 7
Suppose -5*g + 3*k = -7119, -120*g - k = -116*g - 5702. List the prime factors of g.
3, 5, 19
Suppose 2*m - 11351 = 441. List the prime factors of m.
2, 11, 67
Let h(s) = 6*s**2 - 35. Let z(g) = -g**2 - g - 2. Let u(q) = h(q) - z(q). List the prime factors of u(10).
677
Suppose -16 = 14*b - 10*b. Let l be b - (2/(-6) + (-47)/3). Suppose -483 = -5*q + 3*g, 4*g + l = 8. List the prime factors of q.
2, 3
Suppose 2*i = 5*y + 149608, 31*y = 3*i + 27*y - 224391. What are the prime factors of i?
11, 13, 523
Let m(i) be the second derivative of 0 - 15*i - 7/6*i**3 + i**2 + 1/12*i**4. List the prime factors of m(-6).
2, 5
Let z = -23 - -29. Let v(y) = -z*y - 25 + y**2 + 14*y + 3. What are the prime factors of v(-14)?
2, 31
Suppose 2*t = -t + 2*b - 71, 25 = -5*b. List the prime factors of (-6)/t + 2*(-28396)/(-72).
3, 263
Suppose 5*j + 2*o - 36 = 0, j - 5*o = -7 - 2. Let p(d) = -d**2 + 5*d + 9. Let n be p(j). Let s(l) = 76*l + 32. What are the prime factors of s(n)?
2, 5, 13
Let p(x) = -7*x**3 + 3*x**2 + 698*x + 7523. List the prime factors of p(-11).
3, 5, 127
Suppose -o - 10 = 4*b, 19*o - 19 = 17*o + 5*b. Suppose -11*c = o*c - 16939. List the prime factors of c.
1303
Suppose 0 = -575*t + 504*t + 2619829. List the prime factors of t.
36899
Let w(g) = 303*g + 12. Let v be w(4). Suppose 6*b - 1866 - v = 0. List the prime factors of b.
5, 103
Suppose 51*p = 690832 + 1665572. List the prime factors of p.
2, 11551
Suppose 0 = 5*m + 3*x + 84 + 243, 4*x - 4 = 0. Let c be -249*8/m - 6/33. Suppose -5*w + 136 = 2*j - c, 2*w = -8. List the prime factors of j.
3, 31
Let u = 62793 - 29317. What are the prime factors of u?
2, 8369
Let c be 0/((-33)/(-11))*2/2. Suppose -3*l - 9*i + 8*i + 1630 = c, -2*l - i = -1085. What are the prime factors of l?
5, 109
Let z be (-2)/8 + (-660)/(-80). Suppose z*x = -4*x + 23940. List the prime factors of x.
3, 5, 7, 19
Let o = 11143 - 207. List the prime factors of o.
2, 1367
Suppose 0*y - 193 = -3*s - y, 0 = 4*s + 5*y - 250. Let m(h) = -h**3 + 8*h**2 + 4*h + 3. Let g be m(7). Suppose -i = -s - g. What are the prime factors of i?
5, 29
Let f(z) = -226*z + 3281. What are the prime factors of f(0)?
17, 193
Let f = -27489 - -39693. What are the prime factors of f?
2, 3, 113
Suppose -q - 1 = 0, -2*r + 4*r - 4*q - 22 = 0. Let a(y) = 3*y**2 + 10*y + 11. List the prime factors of a(r).
2, 43
Let y be 7325/50 + (6/(-4))/(-3). Let c = y - 87. What are the prime factors of (c/(2 - 6))/((-1)/7)?
3, 5, 7
Suppose 8 = 4*m - 4. Suppose -2*l + 223 = -m*n, -443 = -0*l - 4*l + 5*n. List the prime factors of l.
107
Let g(c) = -8*c**3 - 26*c**2 - 6*c + 51. Let i(w) = 7*w**3 + 24*w**2 + 5*w - 50. Let m(u) = -6*g(u) - 7*i(u). List the prime factors of m(0).
2, 11
Suppose 0 = -5*q + 1935 + 1515. Suppose 2*w - 8 = -0. Suppose -w*a = 2*a - q. List the prime factors of a.
5, 23
Let y = 510 + -229. Suppose 5*l - 1919 = y. Suppose 0 = -11*k + 7*k + l. What are the prime factors of k?
2, 5, 11
Let r(w) = -5*w - 80. Suppose 11 = 4*g - 5*g. Let f(h) = -h - 16. Let z(p) = g*f(p) + 2*r(p). What are the prime factors of z(8)?
2, 3
Suppose 0 = 5*w + 5*g + 815, 0 = -3*w + 7*w - g + 632. Let r = 1033 - w. What are the prime factors of r?
2, 149
Suppose 6*d = -3*l + 9*d + 63, 3*d = -5*l + 97. List the prime factors of (-7)/(105/(-6348)) + (-4)/l.
3, 47
Suppose -2*c + 0*u + 6 = -u, -2*u = 3*c - 2. Suppose 2*o + 2 = 0, -205*o + 207*o + 2 = -z. What are the prime factors of (7/c)/((-5)/(-190) - z)?
7, 19
Suppose 2*q - 5 = -1, 4*q - 2328 = 5*p. Let u be -45*(3 - 4/3 - -3). Let j = u - p. List the prime factors of j.
2, 127
Let c = -2128 + 10335. What are the prime factors of c?
29, 283
Let i(g) = -3*g**3 - 3*g**2 - 3*g. Let n be i(-2). Let m(p) be the first derivative of 9*p**2 - 60*p + 317. What are the prime factors of m(n)?
2, 3, 11
Suppose -3*y - 7*o - 1065 = -8*o, -3*o = -2*y - 703. Let x = -210 - y. List the prime factors of x.
2, 73
Suppose f - 141 = 3*q, -3*q + 159 = -6*q - 5*f. Let k = 84 - q. List the prime factors of (-66)/4*k/(-18).
11
Suppose -2*g - 1766 = -3*c, 4*c + g + 2948 = 9*c. Suppose 0 = 10*o - c - 1170. List the prime factors of o.
2, 11
Let o = 15964 - 15487. List the prime factors of o.
3, 53
Let y(u) = u**3 - 8*u**2 + 4*u + 13. Let s be y(6). Let c = s + 453. List the prime factors of 1138/19 - (-44)/c.
2, 3, 5
Suppose 0 = -11*d - 590 + 2361. Let j = 357 - d. Suppose 216 = m - f, -5*f - j = -2*m + 224. What are the prime factors of m?
2, 5, 11
Let v be -12*3/(-18)*2. Let w(p) = 26*p**3 - 3*p**2 - 3*p - 22. List the prime factors of w(v).
2, 7, 113
Let i be ((-56)/35 + -2)*-5. What are the prime factors of (-316996)/(-171) + 4/i?
2, 3, 103
Let t(u) = -u**3 + 2*u. Let y be t(-3). Let b = -1832 + 1889. Let j = b - y. List the prime factors of j.
2, 3
Let v be (-2)/(-4)*(72/6)/3. Let t(y) = -55*y**2 + 6*y - 3. Let j be t(v). List the prime factors of j/(-11) + (-18)/99.
19
Suppose 22*z - 18*z + 20 = 0. Let q = 13 + z. Suppose 122 = 10*p - q*p. List the prime factors of p.
61
Let d(r) = -r**2 - 6*r + 18. Let v be d(-7). Suppose v*j - 2304 = -j. What are the prime factors of j?
2, 3
Let s(k) = 2*k**2 + 2*k + 151. Suppose -2*r - 3*r = 4*o + 13, -1 = -3*r + 2*o. Let h be (-4)/2 + (8 - (r + 7)). List the prime factors of s(h).
151
Suppose -302*i + 899464 = -70*i. What are the prime factors of i?
3877
Let w = 23423 - 12790. List the prime factors of w.
7, 31
Suppose 0 = 7*n + 4*n - 2827. Suppose -4*l = 3*j - n - 69, 3*l + 3*j = 246. Suppose -l = -3*y - 0*s - 4*s, 4*y + 2*s = 110. List the prime factors of y.
2, 7
Let p be 3/(-6)*0 + (-5 - -8). Suppose p*q + 3*j - 71 = j, 4*q + 3*j = 94. Suppose k - 6 = q. List the prime factors of k.
31
Let u = 31456 + 1571. What are the prime factors of u?
3, 101, 109
Suppose -3*r - 10 = -4*i, -2*r - 3*r + 18 = 2*i. Suppose 1002 - 410 = i*t. Let q = t + -69. List the prime factors of q.
79
Suppose 0 = 22*h - 4*h - 900. List the prime factors of (20/h)/(2/850).
2, 5, 17
Suppose -183*s = -168*s - 53730. What are the prime factors of s?
2, 3, 199
Suppose 23*y = 20*y + 1854. Suppose 20*k - 14*k - y = 0. What are the prime factors of k?
103
Let c = -11558 + 20924. List the prime factors of c.
2, 3, 7, 223
Let j(a) = -a**2 - 16*a - 22. Suppose 38*t - 35 = 43*t. What are the prime factors of j(t)?
41
Let s(a) = 6752*a - 94. List the prime factors of s(1).
2, 3329
Let d = -48 - -58. Suppose -4*r + 348 = -d*r. Let b = r - -89. What are the prime factors of b?
31
Let y = 33998 + -21722. What are the prime factors of y?
2, 3, 11, 31
Suppose -5*v + 9*v = 460. Let j = v + 33. List the prime factors of j.
2, 37
Suppose -172*y - 39308 = -2*x - 171*y, 0 = -3*x - 4*y + 58940. List the prime factors of x.
2, 17
Let d be (-229205)/(-10) - 3/2. Suppose -d - 30243 = -38*y. What are the prime factors of y?
1399
Let o be 2/4 - 2232/(-16). Suppose o = -5*l + 1135. List the prime factors of l.
199
Let p = 23260 + -11861. What are the prime factors of p?
11399
Let l = 6820 - 2148. Suppose 0 = 4*b - l - 568. What are the prime factors of b?
2, 5, 131
Let l(k) = k**3 + 39*k**2 + 75*k + 25. Let t be l(-37). Let b(n) = n**3 + 15*n**2 + 10*n - 7. List the prime factors of b(t).
5, 61
List the prime factors of 5/(10/74092) + 64/(6 - -2).
2, 97, 191
Let r(f) = 82406*f**2 + 195*f - 198. What are the prime factors of r(1)?
19, 4337
Suppose 0 = -19*v + 4*v + 3*r + 690900, -4*v + 2*r = -184246. What are the prime factors of v?
3, 13, 1181
Let x = 188 + 99. List the prime factors of x/2*(-2 - (9 + -17)).
3, 7, 41
Suppose 0 = 5*f - 4*x - 126, 0 = 4*f - f + x - 62. Let g(s) = -s**3 + 21*s**2 + 26*s - 28. List the prime factors of g(f).
2, 3, 5
What are the prime factors of (24200 - (-8 - -11)) + (10 - 15)?
2, 3, 7
List the prime factors of (66957/27 - 0) + 1/9.
2, 5, 31
Let z be (-3)/(-6) + ((-40635)/(-14) - 3). Let k = z + -1224. List the prime factors of k.
2, 419
Let v(g) = -6*g - 10. Let c be v(-4). Let m = -57 + 56. What are the prim